 m. Let u(z) = z**2 + 9*z + 12. Let b be u(i). Calculate the highest common factor of 28 and b.
4
Let o = -8 - -16. Suppose 14 = 2*n - 2. What is the highest common factor of n and o?
8
Suppose -4*c = -2*f + 36, 5*c + 21 = f + 2*c. Let r be (-1 - -2)/(f/108). What is the highest common factor of 99 and r?
9
Suppose -6*m + 130 = 5*s - m, -3*s = m - 82. Suppose 2*g - 15 = -7. Calculate the highest common factor of s and g.
4
Let p(v) = v**2 + 2*v - 8. Let g be p(7). Calculate the highest common factor of 5 and g.
5
Let s(l) be the first derivative of 8*l**2 + l + 7. Let o be s(1). What is the greatest common factor of o and 68?
17
Suppose 2*i = -13 - 3. Let o(c) = c**2 + 6*c + 4. Let s be o(i). What is the greatest common divisor of 10 and s?
10
Let d = 56 + -11. Let n be 6 - (-2 - -1) - -11. Calculate the greatest common factor of n and d.
9
Let z = 15 + 6. Let c = 7 - -7. Calculate the greatest common factor of c and z.
7
Suppose 7*d - 2*z - 290 = 3*d, -2*d = z - 135. Suppose 0 = 4*n - n - 84. Calculate the greatest common divisor of n and d.
14
Suppose -4*v - 20 = -2*v - 4*a, 3*v - 2*a = -14. Let d be 10*(14/5 + v). Let f be (-7)/35 + 722/10. Calculate the greatest common factor of d and f.
8
Let q(h) = -h**3 - 17*h**2 - 19*h - 39. Let o be q(-16). Calculate the greatest common divisor of o and 45.
9
Let q(l) = 10*l**3 - 2*l**2 + 1. Let o be q(1). Suppose -180 - 108 = -4*t. What is the highest common divisor of t and o?
9
Suppose 0 = 3*m - 5*m + 2*k - 228, -m - 4*k = 139. Let v be 1 - (4 - 1) - m. Calculate the greatest common divisor of 13 and v.
13
Suppose -4*q + 76 = c + 30, 5*c - 345 = 3*q. Suppose -7*n + 55 = -2*n. What is the greatest common factor of n and c?
11
Suppose -4*k + t + 38 = 0, 5*k - 5*t + 35 - 90 = 0. Calculate the greatest common factor of 9 and k.
9
Let w be (-9 + 2 - -4) + 26 + 1. Calculate the greatest common factor of 24 and w.
24
Let m(d) = 24*d + 5. Let w be m(5). Suppose -4*g + w = g. Calculate the highest common divisor of g and 125.
25
Suppose -3*i + 130 = 2*i. What is the highest common factor of 65 and i?
13
Let u(a) = a**3 + 11*a**2 + 7*a - 8. Let g be u(-10). Suppose 2*v = 64 - g. Calculate the greatest common factor of v and 14.
7
Let l = 63 - 35. Suppose -5*b - 20 = -q - b, 0 = 3*q - 4*b - l. Let n = -8 + 18. Calculate the greatest common divisor of q and n.
2
Suppose -3*a = -2*p + 33, -5*a = 4*p - 45 - 32. Let o be ((-2)/6)/((-3)/63). Let m = p - o. Calculate the highest common factor of 1 and m.
1
Suppose 3*d + 2*o = -2*o + 58, 0 = d + 4*o - 22. Let f = -5 + 7. Suppose -187 - 137 = -f*y. Calculate the greatest common factor of y and d.
18
Let i(m) = -m**3 + 4*m**2 - 2*m + 5. Let v be i(4). Let x = 7 + v. What is the highest common divisor of 36 and x?
4
Suppose -y + 3*y = 4*x - 108, 2*x = 5*y + 54. What is the greatest common factor of 243 and x?
27
Suppose -z - 2*m = -7*m + 12, -5*m = 3*z - 24. Suppose 4*q = -z*g + 25, -2*q - 6 = 4. Let l be (1*(0 + 3))/1. What is the greatest common factor of g and l?
3
Let k(d) = 13*d - 15. Let r be k(15). Let c be ((-14)/6 + -1)*-9. Calculate the greatest common factor of r and c.
30
Let p = 0 + 253. Calculate the highest common divisor of 23 and p.
23
Let h(x) = 9*x + 3. Let k be h(1). Calculate the greatest common factor of k and 108.
12
Suppose -2*j = -91 + 7. Let x = 73 - 59. Calculate the highest common factor of j and x.
14
Let k(z) = z**2 - 2*z - 3. Let l be k(5). Calculate the highest common factor of 84 and l.
12
Let q be 58/2 - (0 + -1). Let z = q - 18. Calculate the greatest common factor of z and 84.
12
Suppose -2*n = -5*q - 3, 2*n - 6 = 3*q - 1. Calculate the highest common divisor of q and 1.
1
Suppose 4*d - 2*i - 32 = 0, 2*d = 7*d - 3*i - 41. Let l = -59 - -122. What is the highest common factor of l and d?
7
Let m = 514 - 327. Calculate the greatest common divisor of 17 and m.
17
Let w = 7 - -161. Let k = -489 + 513. What is the greatest common divisor of w and k?
24
Suppose 3*s - 288 = 9. Calculate the greatest common divisor of s and 11.
11
Let r = 136 - 51. What is the highest common factor of 34 and r?
17
Let n be (15/(-4))/5*-32. Let y(p) be the third derivative of -7*p**4/24 - p**3/3 - p**2. Let i be y(-2). What is the greatest common factor of n and i?
12
Suppose 5*c + 103 = 318. Suppose l - 29 = c. Calculate the greatest common divisor of l and 48.
24
Let d(m) = m**3 - m**2 + 4*m - 3. Let l be d(5). Calculate the greatest common factor of l and 13.
13
Let i(p) = p**2 + 18*p + 32. Let l be i(-17). What is the highest common divisor of 60 and l?
15
Suppose -4*u + 188 = 5*g, -4*g + 0*u + 4*u = -136. Suppose 6*l - 24 = 4*l. Calculate the highest common factor of g and l.
12
Suppose -z - 5*u + 11 = 0, 4*u = -z + 13 + 3. Calculate the greatest common divisor of z and 9.
9
Suppose 0 = y - 2*k - 31, y + 4*k - 53 = -2*y. Let d = y + -8. Calculate the highest common divisor of 60 and d.
15
Let q(m) = m**2 - m - 8. Let w be q(0). Let s = w + 14. Suppose -5*n + o + 24 = 3*o, n = -o + s. Calculate the greatest common factor of 4 and n.
4
Let h = 12 - -12. Calculate the greatest common factor of 36 and h.
12
Suppose 27*y - 30 = 22*y. What is the highest common divisor of y and 48?
6
Let t = 0 + 0. Let m be 2 + (1 - t/(-3)). Let v = m - 1. Calculate the highest common factor of 3 and v.
1
Let p = 2 - 0. Suppose -a - p*a + 24 = 0. What is the highest common divisor of 4 and a?
4
Suppose -22 = 2*v - 3*v. Suppose z + z - v = 0. Let q be (z - 0) + 0/2. What is the greatest common divisor of q and 77?
11
Suppose -7*c + 9*c - 34 = 0. Suppose -4*n = 0, 0 = k - 4*n + 2*n - 68. Calculate the highest common factor of c and k.
17
Let d be (-2392)/(-24) - (-2)/6. What is the greatest common factor of 20 and d?
20
Suppose 5*o = y + 109, -2*o - 2*y + 68 = o. Calculate the highest common factor of 44 and o.
22
Let i = 4 + 0. Let f(y) = 6*y - 2 - 1 - 3. Let d be f(5). What is the greatest common factor of i and d?
4
Suppose -4*v - 19 + 83 = 0. Suppose 109 - 813 = -4*x. What is the highest common factor of x and v?
16
Let h = -169 + 259. Suppose -4*j - 360 = -5*j. Let r be ((-2)/4)/((-10)/j). Calculate the greatest common factor of h and r.
18
Suppose 0*y - 26 = -y - 2*x, 3*x - 87 = -3*y. What is the greatest common factor of y and 40?
8
Suppose 271 = 2*i - 135. Calculate the highest common divisor of 29 and i.
29
Let m = 7 + 1. Let r(l) = -l**3 - 12*l**2 - 4*l + 8. Let w be r(-12). What is the greatest common factor of m and w?
8
Suppose 5*t = -10, -2*n + 20 = -t - 3*t. What is the greatest common divisor of n and 48?
6
Suppose 0*x + 4 = x. Let l(i) = 89*i**3 + i. Let w be l(1). Suppose -b = -2*y + w, -4*y + 4*b + 208 = 24. What is the highest common factor of x and y?
4
Let w be (0 + (-14)/5)*-5. Let t(h) = 50*h - 2. Let b be t(2). Calculate the highest common divisor of w and b.
14
Suppose 0 = -8*z + 7*z + 38. What is the highest common divisor of z and 57?
19
Let t(j) = j**3 + 3*j**2 + 3*j + 2. Let u be t(-2). Suppose -y = u, z - 5*z + 4*y + 16 = 0. Calculate the greatest common divisor of 10 and z.
2
Let g = -28 - -61. Suppose 2*u = -3*u - 10. Let r be u - (-26)/4*2. What is the greatest common factor of r and g?
11
Let s be -32*3*(-10)/12. Calculate the highest common divisor of 10 and s.
10
Let u be 3*(2 + (-26)/(-6)). Calculate the greatest common factor of 57 and u.
19
Let o = -23 + 37. What is the greatest common factor of 182 and o?
14
Let l = 135 - 66. Suppose 74 + 7 = 3*t + 3*j, -l = -3*t + j. What is the highest common factor of 216 and t?
24
Let f be 23 + (0 + -3 - -2). What is the highest common factor of f and 2?
2
Let w = 27 + -15. What is the greatest common divisor of 108 and w?
12
Suppose -4*t + 3*z - 755 = -3087, -4*t - 5*z + 2332 = 0. Suppose -6*u + t = -5. Calculate the greatest common divisor of u and 14.
14
Let q(x) = -2*x**3 - x - 1. Let m be q(-1). Suppose 3*u = -m + 26. What is the greatest common divisor of 56 and u?
8
Let v be (-3)/(-1 - 0) + 2. Suppose -f + 30 = -8*t + 4*t, -v*f - 3*t + 58 = 0. What is the greatest common factor of 21 and f?
7
Let w(f) = f - 13. Let a be w(16). Calculate the highest common factor of a and 48.
3
Let j(k) = 48*k**2. Suppose -6*f + 3*d = -3*f + 15, -4*f - 2*d = -4. Let s be j(f). Calculate the greatest common 